3*g. Let k(m) = -113*m - 12. Let v(i) = -113*i - 13. Let t(r) = g*v(r) - 5*k(r). Is t(13) a prime number?
False
Let g = 81 + -76. Let v(y) = -6*y**3 + 10*y**2 + y - 6. Let j(u) = 7*u**3 - 11*u**2 + 7. Let b(l) = g*j(l) + 6*v(l). Is b(-10) a prime number?
True
Suppose 0 = -3*o + 5*x + 15, -3*x + 0*x - 10 = -2*o. Suppose -12*f = -o*f - 56. Suppose 1730 = -3*k + f*k. Is k a prime number?
False
Suppose 0 = 2*d - 3 + 83. Suppose 48 = 3*w - 4*l + 26, -2*w - 3*l = 8. Is 100 - w - d/(-10) prime?
False
Let v = -170 - -166. Is 13/26 - 1210/v prime?
False
Suppose 0 = 2*q - 4*l - 614988 - 784344, 3*q - 2099002 = 5*l. Is q a prime number?
False
Let f(c) = 36*c**2 + 5*c + 6. Let t be f(-6). Suppose -2*d = 3*q - t, 5*q + 1304 = -3*d + 5*d. Let h = -389 + d. Is h prime?
False
Let j(i) = -2822*i + 71. Let p(f) = -2820*f + 70. Let n(z) = 5*j(z) - 6*p(z). Is n(6) composite?
True
Suppose 4*q - 27044 = u, 0 = 151*q - 146*q + 2*u - 33805. Is q a prime number?
True
Suppose 25 - 20 = -5*m. Is (-2 - -16013) + m*(-4)/(-2) prime?
False
Let x(c) = -3*c**2 - 6*c + 12. Let a be x(21). Let b = -188 - a. Is b a composite number?
False
Suppose -75451802 = -108*u - 22879670. Is u a prime number?
False
Let q = 68366 + 7491. Is q prime?
False
Suppose -22*t - 8 = -26*t. Let r(i) = 63*i**2 - 2*i + 34*i**t - 5*i**2 - 33 + 5*i. Is r(8) a composite number?
False
Suppose 17*p - 475094 = 135920. Is p prime?
False
Let g = 29051 + 31470. Is g a prime number?
True
Suppose -4*w + 5511464 = 4*o, -o = -2*w + 2751374 + 4373. Is w composite?
True
Let a = 6707701 + -3682778. Is a prime?
False
Let f be (-25557)/(-15) - (-6)/30*1. Let b(j) = -j**3 - 7*j**2 - 7*j - 3. Let r be b(-6). Suppose 3*p + r*i - f = 0, -i + 868 = 4*p - 1419. Is p composite?
True
Let c = -597254 - -1040293. Is c a composite number?
False
Suppose -4 = -c, 5*r - 2*c = 3*c - 30. Let z be (-27361)/(-2) - (12/8 + r). Suppose -9*j + z + 7316 = 0. Is j a prime number?
True
Suppose -3*x - 4*d - 2447 = 0, 4*x + 2417 = x + 2*d. Let l = 2664 + x. Suppose 15*p - 1370 = l. Is p a prime number?
False
Suppose r - 123373 = -4*x, -29*r + 5*x - 493558 = -33*r. Is r a composite number?
False
Let r = -21 + 36. Let g be r*(3/(-9) - 3). Let a = g + 65. Is a composite?
True
Let f(v) = 198*v**2 - 2*v + 14. Let b be f(2). Suppose b = 2*n - r - 9331, 3*n - 2*r - 15197 = 0. Is n composite?
True
Let b = -257004 + 569653. Is b composite?
True
Let t(p) be the first derivative of 487*p**3/3 + p**2/2 - 7*p + 31. Is t(2) a composite number?
True
Suppose -k - l = -14, l = -7*k + 4*k + 42. Let n(b) = 7*b**2 + 10*b**2 - 17 - 37*b + 9*b - b**3. Is n(k) a prime number?
True
Let f(c) = 422*c - 37. Suppose l = -1, -4*j - 14*l = -18*l - 40. Is f(j) a composite number?
False
Suppose h - 8*h = -3*h. Let c = h + 3. Suppose 509 = -c*n + 1502. Is n prime?
True
Suppose 0 = 4*t, -4*t - 4 = -m - 0*t. Let g(l) = -l**3 - 3*l**2 - l + 9. Let s be g(m). Let j = -1 - s. Is j composite?
True
Let y = 239157 + -50980. Is y a composite number?
True
Suppose -29*x + 28*x - 140 = 0. Let n = x + 68. Is 18/n + (-442)/(-8) a composite number?
True
Let y = 2452310 - 1116187. Is y prime?
False
Suppose 3*r - 186656 = -5*u, -4*r - 3*u = -19210 - 229639. Is r a composite number?
False
Suppose -209*a + 53*a + 1680916 = 176*a. Is a a composite number?
True
Let f = -26084 - -149065. Is f a composite number?
True
Suppose o - 9 - 1 = 0. Suppose 9*q + 64 = o. Let p(u) = -10*u**3 - 6*u**2 + 6*u - 5. Is p(q) a composite number?
True
Suppose 0 = -a + 5*w + 2666 + 5158, -3*a - 3*w + 23454 = 0. Let t = 13133 - a. Suppose 0 = -z + v + 1046, 4*z - t + 1127 = 3*v. Is z composite?
False
Suppose 15*p = 12*p + b - 4827, -4827 = 3*p + 2*b. Let r = p - -9372. Is r a prime number?
False
Let t be (-2)/(2/(-8208)*42/21). Let f = t - -1687. Is f a composite number?
False
Let j = 74 + -60. Let u be (-95326)/j*(2/2 + -2). Suppose 5*v = -15, -s = 4*s + 2*v - u. Is s a composite number?
True
Let w be ((-2)/4)/((-2)/(-300)) - -2. Let m be 9/(-36) - w/4. Suppose 0 = -2*o + m*o - 4656. Is o a prime number?
False
Suppose 2577*y - 2589*y = -1140756. Is y a composite number?
False
Suppose 24*s - 8*s = -5303088. Is (-1)/(12/28 + 142068/s) composite?
True
Let m(z) = -4*z + 13. Let b be m(4). Let x = b - -4. Is ((-382)/(3 - x))/(-1) a prime number?
True
Suppose -27*h = -7329288 + 1552134 - 996903. Is h composite?
True
Let o(j) = 84*j**2 + 32 - 4*j + 3 - 5 + 3*j**2. Is o(-7) a prime number?
False
Let c(w) = w**3 + 5*w**2 - 7*w - 4. Let x be c(-6). Suppose 2*s - n - 3673 = 0, 5*s + 16*n - 21*n - 9190 = 0. Suppose -x*d + 1551 = -s. Is d prime?
True
Suppose -2*p + 5541 + 75497 = 0. Is p composite?
False
Suppose -2*y - y + 4*o + 155 = 0, -5*y - o + 266 = 0. Suppose y*b - 45339 = 2*b. Is b composite?
True
Let f(j) = 1433*j - 111. Let u be f(16). Suppose -o - u = -2*c, 20 = o + 3*o. Is c a prime number?
True
Let f = -12013 + 38184. Is f a composite number?
False
Let o(c) = -7*c**3 + 3*c + 7. Let q(a) be the second derivative of a**3/2 - 33*a**2/2 + 42*a. Let k be q(10). Is o(k) a prime number?
False
Let t = 1609149 + -711842. Is t a composite number?
False
Let v = 540 - 429. Is (-5 - -112)/(3/v) prime?
False
Suppose 37*b - 44*b - 70 = 0. Let g(p) = 69*p**2 - 22*p + 1. Is g(b) composite?
False
Suppose 3*g - 8*g = -4*a + 120, -3*a + 3*g = -90. Let i be (-2)/(-12) - (-55)/a. Suppose -i*o = 14 - 44. Is o composite?
True
Suppose -153 = i + 3*a + 9, -2*i + 4*a = 334. Let x = 384 + -64. Let v = i + x. Is v a prime number?
False
Let a = 87826 + -20147. Is a a composite number?
False
Suppose -5*x - 25 = 0, v - 2*x - 47302 = 336841. Is v a prime number?
True
Is (-509198)/(-14) + (-2)/28*4 composite?
True
Let q(u) = 47*u**3 + 13*u**2 + 485*u + 26. Is q(25) composite?
False
Suppose -x - 2*c + 1 + 1 = 0, 0 = 3*c. Let m(a) = 3*a**3 - 2*a - 2. Let v be m(x). Is (-2 - (-4440)/v)/(2/6) a composite number?
True
Let a(r) = 30*r**2 + 136*r - 401. Let x be a(3). Let s = 3037 + -2059. Let w = x + s. Is w a composite number?
True
Let q(a) = a**2 + 14*a - 12. Let r be q(-15). Suppose r*o = -15, -z + 8468 = -0*z + 3*o. Suppose -f - z = -18*f. Is f prime?
True
Let q be 6 - (-9)/(27/16476). Suppose -2*s + q = 3*c, -2*c + 4*c = 3*s - 8234. Is s a prime number?
False
Suppose -5*n + 2 + 62 = 3*p, 0 = -p - n + 24. Let t(l) = -l**3 + 33*l**2 - 45*l - 29. Is t(p) prime?
False
Suppose 74*y - 79*y = 320. Let r = y + 95. Is r composite?
False
Let r = 96 - 87. Suppose 7*s + 6 = r*s. Is 1 + 308 - (-1 + s) composite?
False
Let t = 1512 - 376. Let k = 2887 - t. Suppose -2*j - 7*s + k = -6*s, 4397 = 5*j - 4*s. Is j composite?
False
Let y(w) = 3*w**3 - 14*w**2 - 11*w + 29. Suppose -3*c + 3*k = -36, 3*c - 4*k = c + 22. Is y(c) composite?
False
Suppose 8*h - 13*h + 0*h = -2835185. Is h a composite number?
True
Let f(p) = p**2 - 21*p + 16. Let m be f(11). Let z = m - -96. Suppose 3*k - 2*k = -2*l + 2361, 4*k + z*l - 9438 = 0. Is k a composite number?
True
Let r be (5/(-10))/(3/30). Let d be (r - -2)*248/(-6). Suppose -d + 656 = 4*u. Is u a prime number?
False
Let y be (-2)/9 - ((-72330)/(-135) - 7). Let t = -40 - y. Is t composite?
True
Suppose 14*w = 35693 + 12649. Suppose -221*a + 222*a = w. Is a a prime number?
False
Is 0 + (3838 - 1) - (-39 + 35) prime?
False
Let b = -5 + 6. Let p be -1 - (4/(-4) + b*-3). Suppose -p*w = 0, 1455 = 5*l - 3*w + w. Is l composite?
True
Suppose -7*y = 53 - 690. Suppose -2*p - y = -t + 5724, p + 23239 = 4*t. Is t a prime number?
False
Is (-219555990)/(-330) + -4 - (-4)/(-22) a composite number?
True
Suppose 6*i - 292522 = 151904. Is i composite?
False
Suppose 10 = 10*q - 15*q. Let m be -2 - q/((-6)/(-171)). Is m - 10/(0 + 5) a prime number?
True
Let n = 141 + -137. Suppose 5*i - 4 = 7*i, -n*i = 4*p - 24980. Is p a prime number?
True
Suppose -5*n = -s + 2981, -20*s + 4*n = -19*s - 2987. Is s a composite number?
False
Suppose 4*s = 2*z - 68, -5*s + 3*z = -4*s + 22. Let o(p) be the second derivative of -p**3 - 19*p**2 + 4*p. Is o(s) composite?
True
Let y(w) be the third derivative of w**4/8 + 2*w**3/3 - 30*w**2. Let h be y(0). Suppose 4*u + 294 = o + 4*o, h*o - 233 = u. Is o a prime number?
False
Suppose -13*g + 2142733 = 548972. Is g a composite number?
False
Let j = -22 + 29. Is (75486/161)/(2/j) prime?
False
Let q(a) = 2*a + 1973. Let d(p) =